95?
False
Is 210 a factor of 134400?
True
Is 8 a factor of 1700236?
False
Is 768173 a multiple of 179?
False
Does 25 divide 4050?
True
Does 195 divide 813540?
True
Is 8463744 a multiple of 948?
True
Is 32 a factor of 211464?
False
Is 51 a factor of 121074?
True
Does 27 divide 653973?
False
Does 6 divide 17305206?
True
Does 35 divide 326669?
False
Is 2196112 a multiple of 8?
True
Is 1523033 a multiple of 30?
False
Is 3977884 a multiple of 105?
False
Does 6 divide 48006?
True
Is 4699779 a multiple of 1141?
True
Does 37 divide 1959949?
False
Is 6 a factor of 85616?
False
Does 2 divide 6389?
False
Is 739 even?
False
Is 28 a factor of 38584?
True
Is 12 a factor of 196500?
True
Does 6 divide 45246?
True
Is 35 a factor of 2172940?
True
Is 16 a factor of 6232118?
False
Is 16 a factor of 55999?
False
Does 40 divide 729581?
False
Does 50 divide 104450?
True
Is 112 a multiple of 20?
False
Is 297 a factor of 76253?
False
Is 144 a factor of 158976?
True
Is 2955122 a multiple of 73?
False
Is 104 a factor of 585265?
False
Does 621 divide 12011382?
True
Is 924 a factor of 24244909?
False
Is 77725 a multiple of 116?
False
Is 14 a factor of 126151?
False
Is 33 a factor of 2042721?
False
Does 5 divide 10085?
True
Does 6 divide 11595856?
False
Does 266 divide 104527?
False
Is 206 a factor of 72512?
True
Does 7 divide 320561?
False
Is 162400 a multiple of 29?
True
Is 14680008 a multiple of 18?
True
Is 22688 a multiple of 6?
False
Does 15 divide 128548?
False
Is 2874 a multiple of 6?
True
Is 14416 a multiple of 8?
True
Is 8208252 a multiple of 78?
True
Is 206115 a multiple of 15?
True
Is 14 a factor of 3069892?
True
Is 262 a factor of 6959182?
False
Is 19 a factor of 12177062?
True
Is 104050 a multiple of 50?
True
Does 11 divide 4944424?
False
Does 5 divide 57683?
False
Is 2636251 a multiple of 189?
False
Is 287897 a multiple of 12?
False
Does 14 divide 75950?
True
Does 40 divide 2874476?
False
Does 18 divide 5021994?
False
Is 2 a factor of 294845?
False
Is 12088738 a multiple of 99?
False
Does 348 divide 491528?
False
Is 531167 a multiple of 44?
False
Does 103 divide 751076?
True
Is 6 a factor of 1747992?
True
Is 49589 a multiple of 17?
True
Is 14 a factor of 7619192?
True
Does 357 divide 136731?
True
Is 20 a factor of 4333380?
True
Is 192 a factor of 619236?
False
Does 64 divide 1685128?
False
Is 242811 a multiple of 391?
True
Is 8754342 a multiple of 1228?
False
Is 8 a factor of 86560?
True
Does 36 divide 19318932?
True
Is 14 a factor of 27286?
True
Is 877 a factor of 2498504?
False
Does 21 divide 2011844?
False
Is 19 a factor of 3798685?
False
Does 171 divide 888?
False
Is 1888768 a multiple of 527?
True
Is 56 a factor of 534800?
True
Is 534 a factor of 12862002?
False
Is 29 a factor of 96565?
False
Is 66 a factor of 291049?
False
Is 20 a factor of 985997?
False
Is 7826538 a multiple of 434?
False
Is 617 a factor of 707699?
True
Is 78 a factor of 2257788?
True
Is 6385358 a multiple of 1600?
False
Is 644292 a multiple of 13?
False
Is 9 a factor of 1303650?
True
Is 24 a factor of 1715702?
False
Is 236808 a multiple of 132?
True
Is 4257136 a multiple of 170?
False
Is 73 a factor of 5418662?
False
Does 1148 divide 3597226?
False
Is 4521486 a multiple of 158?
True
Does 402 divide 87432?
False
Is 737609 a multiple of 12?
False
Is 3108798 a multiple of 63?
True
Is 12 a factor of 1732596?
True
Is 44110 a multiple of 11?
True
Is 29 a factor of 742280?
False
Is 2098198 a multiple of 46?
True
Is 10 a factor of 3672510?
True
Is 17 a factor of 50263?
False
Is 1205148 a multiple of 508?
False
Is 88918 a multiple of 19?
False
Does 8 divide 320248?
True
Is 27 a factor of 2241?
True
Is 593692 a multiple of 48?
False
Is 20 a factor of 100520?
True
Is 85 a factor of 62220?
True
Is 705186 a multiple of 17?
False
Does 725 divide 302325?
True
Is 100 a factor of 12844500?
True
Does 621 divide 548343?
True
Is 11990730 a multiple of 114?
False
Does 85 divide 78877?
False
Does 10 divide 266630?
True
Is 4877168 a multiple of 62?
True
Is 19248 a multiple of 48?
True
Is 4587 a multiple of 139?
True
Does 268 divide 138556?
True
Is 2539236 a multiple of 84?
True
Is 38 a factor of 175187?
False
Is 12 a factor of 114900?
True
Is 526608 a multiple of 103?
False
Is 312 a factor of 7973307?
False
Does 3 divide 40661?
False
Is 44 a factor of 648814?
False
Does 60 divide 57987?
False
Is 39 a factor of 62361?
True
Is 38 a factor of 199289?
False
Is 118 a factor of 35046?
True
Is 68 a factor of 5734717?
False
Is 28 a factor of 695716?
True
Is 23 a factor of 243184?
False
Is 886624 a multiple of 206?
True
Does 111 divide 1885779?
True
Is 56310 a multiple of 6?
True
Does 186 divide 1696134?
True
Is 192181 a multiple of 21?
False
Does 1911 divide 2191917?
True
Is 850465 a multiple of 55?
True
Is 3 a factor of 176427?
True
Does 222 divide 2442?
True
Is 2696296 a multiple of 142?
True
Does 33 divide 5477697?
False
Is 444 a factor of 258901?
False
Is 4 a factor of 4796?
True
Does 48 divide 575852?
False
Is 29 a factor of 2590455?
False
Is 2939220 a multiple of 45?
True
Is 282 a factor of 571954?
False
Is 699 a factor of 496610?
False
Is 350220 a multiple of 26?
True
Is 1375754 a multiple of 182?
False
Is 64 a factor of 247238?
False
Does 60 divide 76980?
True
Does 55 divide 2757755?
True
Does 464 divide 2867984?
True
Is 57461 a multiple of 4?
False
Is 131330 a multiple of 73?
False
Does 666 divide 234151?
False
Does 33 divide 205953?
True
Does 1417 divide 8937019?
True
Is 20 a factor of 135647?
False
Does 41 divide 10255?
False
Does 85 divide 1573690?
True
Is 192676 a multiple of 22?
True
Is 14 a factor of 1148?
True
Is 11 a factor of 2125640?
True
Does 26 divide 5855538?
True
Is 93 a factor of 686149?
False
Is 23 a factor of 71158?
False
Does 324 divide 85860?
True
Is 3271459 a multiple of 9?
False
Does 12 divide 2464872?
True
Is 76 a factor of 2229012?
False
Is 8 a factor of 15782230?
False
Is 26 a factor of 2661880?
True
Is 7 a factor of 355001?
False
Is 874098 a multiple of 18?
True
Is 787344 a multiple of 94?
True
Is 4462870 a multiple of 670?
True
Is 700810 a multiple of 996?
False
Does 16 divide 1799516?
False
Is 865 a factor of 490670?
False
Does 108 divide 501012?
True
Does 111 divide 74370?
True
Is 594 a factor of 5559564?
False
Is 189112 a multiple of 22?
True
Is 50 a factor of 39605?
False
Is 127757 a multiple of 55?
False
Is 321487 a multiple of 26?
False
Is 130 a factor of 12852710?
True
Is 936873 a multiple of 7?
True
Is 2 a factor of 25982?
True
Is 57 a factor of 344109?
True
Does 45 divide 23684?
False
Does 14 divide 2263880?
False
Is 1439986 a multiple of 1381?
False
Is 10960794 a multiple of 13?
True
Is 242 a factor of 19983876?
True
Does 47 divide 5097910?
False
Is 9 a factor of 769284?
True
Does 4 divide 3284?
True
Is 22 a factor of 509367?
False
Is 15 a factor of 27405?
True
Does 220 divide 12315841?
False
Is 247050 a multiple of 54?
True
Is 1669600 a multiple of 40?
True
Is 11163935 a multiple of 119?
False
Is 952 a factor of 13049064?
True
Is 677 a factor of 690216?
False
Does 94 divide 40173?
False
Does 259 divide 4168626?
False
Is 30 a factor of 3419090?
False
Does 17 divide 1251234?
True
Is 25 a factor of 141115?
False
Is 267501 a multiple of 39?
True
Is 80 a factor of 809826?
False
Does 14 divide 1314838?
True
Is 5 a factor of 3049153?
False
Is 348 a factor of 2953476?
True
Does 1121 divide 15974250?
True
Is 1312 a multiple of 4?
True
Is 114492 a multiple of 9?
False
Does 58 divide 335676?
False
Is 163464 a multiple of 56?
True
Is 12 a factor of 94332?
True
Does 11 divide 9314?
False
Does 27 divide 291051?
False
Is 8219070 a multiple of 1251?
True
Is 15886 a multiple of 25?
False
Does 12 divide 95400?
True
Is 61 a factor of 330466?
False
Is 19 a factor of 1666355?
False
Is 3735168 a multiple of 71?
True
Is 90947 a multiple of 311?
False
Is 146471 a multiple of 3?
False
Does 162 divide 9234?
True
Does 14 divide 194649?
False
Is 38 a factor of 258552?
True
Is 256355 a multiple of 395?
True
Does 325 divide 8092170?
False
Does 56 divide 6296696?
True
Is 28681 a multiple of 23?
True
Is 3 a factor of 57505?
False
Is 882983 a multiple of 64?
False
Is 40 a factor of 10203658?
False
Does 248 divide 639531?
False
Is 102 a factor of 108018?
True
Is 89 a factor of 11087810?
False
Is 86